
Let h(c) = 26*c - 5. Is h(8) composite?
True
Let k be 4*1/(3 - 5). Let j be (-9)/(-2) + k/(-4). Suppose d + 4*n - 165 = 0, j*d - 4*n + n = 779. Is d composite?
False
Suppose -3*f = -8*f + 5485. Is f composite?
False
Let s(j) = -j**3 - 11*j**2 + 9*j + 5. Let i(d) = -d**3 - 12*d**2 + 9*d + 5. Let a(w) = 4*i(w) - 5*s(w). Is a(-6) a prime number?
False
Is (6/8 - 31145/(-20)) + 3 a prime number?
False
Is (1798/(-4))/((-7)/(-56)*-4) prime?
False
Suppose 2*l - 5*l = 0. Let d be 844 - (12/4 + -3). Suppose l = w - 5*w + d. Is w composite?
False
Let v(m) = 2*m**3 - 6*m**2 + 7*m - 1. Is v(6) a composite number?
False
Let c be 1/2 - 45/(-6). Let r(x) = -7 - 8*x + 11*x + 4*x. Is r(c) a prime number?
False
Suppose 2820 = 5*o - 5*c, 324 = -o + 2*c + 889. Is o a composite number?
False
Suppose -3*q + 12 = -z, 2*z = 4*q - 2*q - 4. Suppose 56 = z*d - d. Is 301/d - (-1)/4 prime?
True
Let p(w) = -w**3 - 7*w**2 - w - 7. Let u be p(-7). Let x = 7 - u. Suppose 0 = -h + 7 + x. Is h a prime number?
False
Let x(s) = s + 7. Let a be x(-9). Let r be (a*13)/(2/(-1)). Suppose -5*o + r = -42. Is o prime?
True
Suppose 5*t - 7 = 8. Suppose t*l + 0*l = 345. Is l composite?
True
Let z(v) = -v**3 + 6*v**2 + 11*v - 1. Suppose 6*c - 3*c - 24 = 0. Let p be z(c). Let d = p + 162. Is d composite?
True
Let d be 23 - 0*2/2. Is d + (-7 + 3)/4 a composite number?
True
Suppose 0 = 4*k - 0*k + 40. Let s = -7 - k. Suppose 5*v - s*v = 74. Is v prime?
True
Suppose 2*d = -2*d + v + 29, 2*d + 5*v = -13. Is 20 - d*(-2)/4 prime?
True
Let y(j) = 7*j + 4. Let t(k) = -k - 1. Let i(g) = -2*t(g) - y(g). Is i(-7) a prime number?
False
Suppose -a + 1108 = 5*y, -4*y = -3*a - 415 - 460. Is y prime?
False
Let w(u) = 27*u + 13. Is w(3) a prime number?
False
Suppose z - 3*q = 1291, -2*q = 4*z - 4*q - 5144. Is z a prime number?
False
Let y = -5 - -7. Let s(f) = 3*f**2 - 4*f + 3. Is s(y) prime?
True
Let p(l) be the first derivative of -l**2 + l - 2. Let b be (-4)/12*-1*-9. Is p(b) prime?
True
Let u be (-1)/1*1*1. Is u/2*(-484)/2 composite?
True
Suppose n - 3*x - 6 = -x, 0 = -3*n - 3*x + 36. Let b = -12 - n. Let u = b - -45. Is u composite?
False
Suppose 5*y + 3234 = r + 700, 0 = 4*r + 5*y - 10261. Is r composite?
True
Let t(f) = 3*f**2 + 2*f**3 + f**2 - f**3 - 1 - f - 2*f**2. Is t(2) a prime number?
True
Let m be (-6)/(-7)*(-21)/(-6). Suppose 8*y - m*y = 295. Is y prime?
True
Let k(v) be the third derivative of v**6/180 + v**5/120 + v**4/24 + v**3/3 + 2*v**2. Let r(p) be the first derivative of k(p). Is r(4) prime?
True
Let k be 271/(-2)*8/(-2). Suppose 5*f + 4*i - 2583 = -k, 4*f - 4*i = 1640. Is f prime?
True
Suppose -3*o - 2*z + 304 = 0, 0 = -2*z + 4 - 0. Suppose -4*c + o = -0. Is c a composite number?
True
Let w(a) = 6*a + 1. Let r(x) = -19*x - 2. Let z(m) = -4*r(m) - 14*w(m). Is z(-4) prime?
False
Let f = -21 + 22. Let b(d) be the first derivative of 53*d**4/4 + d**3/3 - d**2/2 + 2. Is b(f) a composite number?
False
Let l = 1366 + -952. Suppose -4*x = 26 - l. Is x a composite number?
False
Let i(s) = s - 22. Let c be i(9). Let n(o) = -o**3 - 14*o**2 - 14*o + 18. Is n(c) prime?
True
Is 2 + (-2 - -1) + 690 composite?
False
Let t = -4 - -121. Suppose -6*o = -3*o - t. Let p = o - 0. Is p a composite number?
True
Let a(t) = -t**3 - 7*t**2 - 6*t + 5. Let v be a(-6). Is 6/10 - (-272)/v prime?
False
Let h(j) = j + 6. Let q = 3 - -3. Let l be h(q). Suppose -2*k = 2*t - 174, k - 2*t - l = 87. Is k prime?
False
Let z be (15/(-2))/((-3)/4). Suppose -3 = -3*r, 2*r = -2*c + 4*c - 30. Let n = z + c. Is n prime?
False
Let j(n) = 18*n - 13. Is j(9) a composite number?
False
Suppose -5*f - 56 = -3*i, -3*f - 16 = 3*i + 8. Let m = f - -7. Let d = 34 - m. Is d composite?
False
Suppose 5*g + 4*z - 417 = 0, -83 = -0*g - g - z. Is g composite?
True
Let s = 0 + 2. Let h(x) = -2*x**3 + x + 2. Let k be h(s). Is ((-22)/(-4))/((-6)/k) a prime number?
True
Suppose -a - 2*a + 1 = -2*f, 4*a - 3*f = 0. Let b = 1 + 2. Suppose 0 = a*c + 2*u - 439, 3*c + b*u + 248 - 689 = 0. Is c composite?
True
Let b = 3035 + -5695. Let o = -1383 - b. Is o prime?
True
Let m = -10 - -13. Suppose -12 = -6*i + m*i. Suppose -181 = -i*p + 279. Is p composite?
True
Suppose 5*j - 403 + 33 = 0. Is j composite?
True
Suppose 0 = 5*c + 10, 2*z + 2*z + c = 230. Is z composite?
True
Let i(m) = m**2 - 22. Is i(-21) composite?
False
Let m(h) = h**3 - 8*h**2 - 8*h - 2. Is m(9) composite?
False
Let f(l) = -l**2 + 2*l + 3. Let b be f(3). Suppose -4*q = 12, -2*j - 2*j - 2*q + 6 = b. Suppose -j*c = -16 - 11. Is c a composite number?
True
Let h be ((-10)/8)/(1/4). Suppose 4*t - 27 - 85 = 0. Let c = t + h. Is c composite?
False
Let f(o) = 4*o**2 - 6*o + 3. Suppose 7*u = 3*u + 24. Is f(u) a prime number?
False
Let i(d) = 12*d - 59. Is i(13) a composite number?
False
Suppose -5*m = -2*n - 2*n + 3810, 1914 = 2*n + 2*m. Suppose -3*a + n = 2*a. Is a prime?
True
Is (6522/(-4))/((-36)/24) a composite number?
False
Let u be (4 - 2) + 209*2. Suppose -2*l + 569 = 5*c, l - 285 - 32 = 4*c. Let i = u - l. Is i a prime number?
False
Let b = 115 + -81. Let r = 38 + b. Let m = r - 23. Is m a prime number?
False
Let j(y) = 4*y + 6. Let r be j(6). Is -4 + 5*r/1 prime?
False
Is (-7 - -5)/(4/(-11278)) prime?
True
Suppose 0 = -4*v + 3 + 5. Suppose z = -3*u + 462, -v*z + 2*u + 873 = -75. Is z a composite number?
True
Let m be (2 + -4)*74/(-4). Let u = m - 23. Is u a composite number?
True
Let r = 8 - 13. Is 1/r + 1272/10 composite?
False
Suppose -1410 = -3*s + 147. Is s prime?
False
Let y be (-1 + 1 - -1)*1. Let q(c) = 2*c**2 + 11 - 12 + 12*c**3 + c**3. Is q(y) a prime number?
False
Let l(z) = 6*z - 2. Let y be l(1). Is (-234)/(-65) - y/(-10) composite?
True
Suppose 2*p = -x + 805, -x + 4*p + 1074 - 257 = 0. Is x prime?
True
Let f(d) = -114*d - 5. Is f(-6) prime?
False
Let d = 681 - 310. Is d a prime number?
False
Let w = -293 - -420. Is w a prime number?
True
Suppose 5*t = 3*t + 412. Is t a composite number?
True
Let j(q) = 4*q**3 + 3*q**2 - 3*q + 1. Is j(4) composite?
False
Let t(o) = 2*o + 1. Let p be t(10). Let c be p/(-14)*4/6. Is (c/(-2))/(4/1784) a composite number?
False
Let d(a) be the third derivative of -a**6/60 + a**5/60 + a**4/24 + a**3/6 - a**2. Let q be d(-1). Suppose q*y = -0*y + 273. Is y composite?
True
Let s = 2749 + -1056. Is s a prime number?
True
Is (-1)/(-2) - (-2340)/8 prime?
True
Let f be (4 - 1)*(90 - 1). Suppose -5*m = -2*u - f, 2*u + 2*u + 216 = 4*m. Is m a prime number?
True
Let x = 4 - 14. Let o(j) = -j - 3. Let s be o(-5). Is s/10 - 1628/x prime?
True
Is 824 - (5 + -2) - 0 a prime number?
True
Suppose 0 = 52*r - 55*r + 2301. Is r prime?
False
Let m be (6/9 - 2)*3. Is m*((-67)/4 - 0) prime?
True
Let q(t) = -t + 4. Let n be q(6). Let w be (17/2)/(n/4). Let c = -6 - w. Is c composite?
False
Let j = 9 + -5. Suppose 247 = j*c + 15. Is c composite?
True
Let i(q) = 4*q**2 - 6*q + 1. Let b be i(4). Suppose 0 = c - 38 - b. Is c composite?
False
Let c = 220 - 141. Is c composite?
False
Suppose 4*u - 5*u + 38 = 0. Suppose 53 + u = t. Is t prime?
False
Let z = -514 + 912. Is z composite?
True
Suppose k + 4*k = -5. Let n(p) = -114*p**3 + p**2 + p + 1. Is n(k) prime?
False
Let i be 2/11 + (-387)/11. Let j = i + 66. Is j composite?
False
Let u(z) = -746*z. Is u(-1) a composite number?
True
Let o(p) = -p**2 + 5*p + 5. Let t be o(6). Let y be 4 - t/(-1)*1. Suppose -y*c + 87 = 4*f, -5*c - 2*f = 3*f - 150. Is c a prime number?
False
Suppose 3*i + 3*r = -2*i - 9, -5*i - 2*r - 6 = 0. Suppose i = j - 2*j + 2*m - 37, -4*m + 105 = -3*j. Let z = -6 - j. Is z composite?
True
Let f = 9 + -9. Suppose 2*h - 2*s = 3*s + 213, -4*h - s + 481 = f. Is h a composite number?
True
Let i = -3 + 2. Let x(b) = 3*b - 7. Let k(t) = -1. Let c(o) = i*x(o) + 5*k(o). Is c(-3) prime?
True
Suppose -6*y + 2*y = -20. Let d be 4/y*5/2. Suppose d*c - 4*c + 2*k = -42, -3*k = -2*c + 38. Is c prime?
False
Let u be 15/6*(-2 + 4). Let p = u - 2. Is p prime?
True
Let g(d) = 96*d + 34. Is g(13) composite?
True
Let o(b) = -b**2 + 6*b - 4. Let r(t) = -t**3 - 4*t**2 - 3*t + 3. Let m be r(-3). Let y be o(m). Suppose y*s - 75 = -3*x - x, 4*s - 2*x = 60. Is s composite?
True
Let v be 6/21 + (-68)/(-7). Suppose f - v = -f. Suppose -5*o + f*b = -390, 2*b - 102 = -o - 3*b. Is o composite?
True
Let p = -6 + 10. Suppose -m - 4*m - 7